composite?
True
Let m = 359822 - 20829. Is m prime?
True
Suppose n - 4*a - 5 = 0, -3*a - 3 = -0. Suppose -7*q + 15 = n. Is (q/(-2))/(1/(-233)) composite?
False
Suppose 3*k - 627 = -3*p, 24*k + 3*p = 22*k + 419. Suppose -10*h = -9532 - k. Is h prime?
False
Suppose -2370 = -20*q + 5*q. Is (45/5)/(3/q) - 1 a prime number?
False
Suppose -7*i - 144 = -15*i. Suppose -2*s - 22 = -i, 4*z = 4*s + 1188. Is z a prime number?
False
Let c(j) = 58*j**2 + 36*j + 109. Is c(-39) a prime number?
True
Let d = -82 + 84. Suppose -3*m = m + 5*t, d*m = 3*t + 22. Suppose -l + 1256 = 5*o, m*l - 1140 = -4*o - 131. Is o composite?
False
Let h(i) = -16499*i + 2584. Is h(-3) prime?
True
Let h = 14953 + 15454. Is h a prime number?
False
Let l = 11 - 27. Is (-8)/l - 11523/(-6) a composite number?
True
Suppose 5843 = o - 3*i, -8*i = -5*o - 3*i + 29205. Let l = 69 + o. Is l composite?
True
Let k = -31 - -33. Suppose -5*i - 4*v = -36, -2*v = -4*i + k + 6. Is 2/i*277*14 composite?
True
Suppose 4*r + 0*r = 72. Suppose 2*j - 5*j = -r. Suppose 79 = -5*o + j*o. Is o prime?
True
Let g(j) = 108*j**3 - 4*j**2 + j - 2. Let k be g(2). Let h = k - -137. Is h a composite number?
True
Let i(b) = 2*b**3 - b**2 - b - 11. Let u(h) = h + 4. Let k be 4/(-10) - (-1)/((-10)/(-44)). Let x be u(k). Is i(x) prime?
True
Let u = -3637 + 6938. Suppose 4*t + 2*o = -348 + 6942, 2*t - 3*o - u = 0. Is t a prime number?
False
Let t(r) be the third derivative of r**4/8 + 9*r**3/2 - 6*r**2. Let y be t(-8). Suppose 0 = -2*a - 3*c + 859 + 2446, y*c + 9 = 0. Is a a composite number?
False
Let g(l) = 18 - l**2 + 17 - 36. Let a be g(-1). Is 1/(-2) + (-1417)/a - 1 prime?
False
Suppose 34 = 3*j + 4. Suppose -j*a + 62652 = -26338. Is a prime?
False
Suppose -12833 - 8185 = -6*g. Suppose 25*f - 24*f - g = 0. Is f a composite number?
True
Let s = 276523 + 9720. Is s a composite number?
False
Let q be -1*((-336)/(-8))/2. Is (-17613)/q - 1*8/(-28) composite?
False
Let s(t) = 179201*t**2 - 5*t + 7. Is s(1) a composite number?
False
Let o(v) = 7*v - 48*v - 88*v + 45. Is o(-8) a prime number?
False
Let k = 526810 - 370379. Is k a composite number?
True
Let g = 6956 - -11757. Is g a prime number?
True
Is ((-1)/(-6))/(9/1373166) composite?
True
Let g = -18 - -16. Let f be -4*(-4 - g)/2. Suppose 2*i + 2*v - 98 = -22, -4*i = -f*v - 112. Is i a composite number?
True
Let c = -1895 + 3957. Let b = c + 4671. Is b composite?
False
Suppose 238686 - 47527 = 19*z. Is z composite?
False
Suppose 345*t - 341*t - 2856 = 0. Suppose 7*h + t = 7315. Is h composite?
True
Suppose -89 = 10*x + 151. Is (-12896)/x - 2/6 a composite number?
True
Let l(h) = 109*h + 34. Let o be l(-32). Let q = 1709 - o. Is q a composite number?
True
Suppose -2*n = 7*n + 162. Let u(g) = -360*g + 67. Is u(n) composite?
False
Let l = 9 - -4. Suppose -l*u + 7755 = -8*u. Suppose -3*r = -u - 1710. Is r a prime number?
True
Suppose -11*i + 23*i = 0. Suppose i = 5*d - 6*d - m + 6050, 30244 = 5*d + 3*m. Is d prime?
True
Let p = 9 + -67. Let d = -56 - p. Suppose -r = -4, -4*a + 3*r + d*r = -3608. Is a composite?
False
Suppose -16*t + 14*t = -6. Let s be t/((2 - -1) + -2). Suppose 4*b + 1089 = 6*b + 5*n, s*b = 4*n + 1691. Is b prime?
True
Is (523398/8)/((-182)/(-8) - 22) composite?
True
Let s = 817 + 484. Suppose h = 5*l + 2483, -3*h + 6220 + s = 3*l. Is h a prime number?
True
Let u be (-28)/6 - (4 + (-56)/12). Let z(j) = 310*j**2 - 3*j + 13. Is z(u) composite?
True
Let o(k) = k**3 - 11*k**2 + 5*k - 27. Let s be o(11). Suppose -92608 = -s*n + 24348. Is n a prime number?
True
Suppose 2896089 = -45*n + 83*n - 35*n. Is n a composite number?
True
Let w be 4/18 - (-13 + (-112)/(-18)). Suppose -u + 71851 = 3*h, 8 = -3*h + w*h. Is u prime?
False
Let m = 32090 - -185627. Is m a composite number?
False
Let o = -341589 + 499306. Is o a prime number?
False
Let s(p) = 62*p**2 + 9. Let q be s(4). Suppose -y = -q - 1938. Is y composite?
False
Let i be 297/1 + 2 + 0. Let v = 1488 + -1506. Let d = i - v. Is d a prime number?
True
Let v = -30001 + 54360. Is v a prime number?
True
Let o(q) = -5*q + 22. Let s be o(5). Is s - -3 - 204/(-4) a composite number?
True
Let f = 160528 - 95063. Is f a composite number?
True
Let x(a) = 804306*a**2 - 98*a - 99. Is x(-1) composite?
True
Let t(s) be the third derivative of -s**6/120 - 23*s**5/60 + 31*s**4/24 + s**3/2 - 153*s**2. Suppose 0*f + 25 = -f. Is t(f) a prime number?
False
Suppose 6*o - 48 = -0. Suppose o*d - 7*d = 4. Suppose 15 = 3*n, -d*n = -5*b - 0*n + 55. Is b prime?
False
Suppose 5*q - 42 = 18. Suppose -5*m - q = 4*k + 12, 21 = -k - 5*m. Let x(s) = -248*s + 3. Is x(k) a composite number?
False
Let f(v) = 148*v**2 + 36*v + 3. Let i be f(3). Suppose 0 = y - 5906 - i. Is y prime?
True
Let y(r) = -2*r**3 - 15*r**2 + 7. Let p be y(-7). Is (3/((-81)/17109))/(2/p) composite?
True
Let k(m) = -1229*m**2 - m + 27. Let o be k(4). Is (-92)/(-138)*o/(-2) prime?
True
Let b = 87639 - 52552. Is b a composite number?
True
Suppose 0 = 2*j + 2*o - 547136, 102562 = 6*j - 4*o - 1538936. Is j a composite number?
True
Suppose 135*c - 4*c + 146*c = 1082239. Is c composite?
False
Let l be ((-4)/12)/(1/6). Let c = l - -4. Suppose 0 = -j + c*d + 295, -1494 = -4*j - 2*d - 294. Is j prime?
False
Suppose -3*j + 5*d + 1201702 = 0, -2*j = -4*d - 530984 - 270154. Is j a composite number?
False
Let f = 90951 - 49372. Is f composite?
False
Let m be (7486/(-8))/((-2)/8). Let q = m + -2190. Suppose -3*z + q = 2*j, -4*z = -5*j + 750 - 2836. Is z a prime number?
False
Suppose 24 = 6*u + 12. Suppose g = -3*x + 901, -u*x + 1015 + 2609 = 4*g. Is g a composite number?
False
Is (-460985)/(-105) - (-8)/12 a prime number?
True
Let s = 2 + -9. Let b be 2 + 2/s - 4/(-14). Suppose -b*u - 1382 = -4*u. Is u a prime number?
True
Let f(b) = 2*b**2 - 33*b + 136. Let q be f(-31). Suppose 3*a - 4*a = 5*l - q, -2*a - 5*l + 6142 = 0. Is a a prime number?
True
Suppose -153*q = -160*q + 913175 - 32092. Is q a composite number?
True
Suppose -4*h = 2*k - 991 - 845, 0 = k - h - 930. Is k prime?
False
Let v = -386 + 202. Let u = -117 - v. Is u composite?
False
Suppose b = -4*s + 14, 12 = -0*b + 3*b - 3*s. Let i be 16/b + -4 - 19/(-3). Suppose 3*o + 73 = -4*u + 281, 0 = 2*u + i*o - 90. Is u a composite number?
True
Suppose -5*w + 132 - 102 = 0. Suppose -w*g = -0*g - 29490. Is g a prime number?
False
Suppose 8 = -6*j + 2*j. Let g be 190 + 5 - (j + 5). Is 6/16 + 345720/g prime?
True
Suppose j - 61611 = 2*w, 6*j = j + 13*w + 308031. Is j prime?
True
Let i = 298 + -330. Is i/(-56) - 36067/(-7) composite?
False
Suppose 0 = -3*p - 4*f + 500482, 2*p - 3*p - 3*f + 166819 = 0. Suppose p = 23*w - 32668. Is w composite?
True
Is (7 + -2 + -6)*-27211 a composite number?
False
Suppose q - 5*w + 4 - 11 = 0, 2*q - 5*w - 4 = 0. Is (3 - (-21658)/21)/((-1)/q) a composite number?
True
Suppose -2*g + 4 = 0, 5*p - 2*p = -g + 5. Let f be (3 - 8/4)/(p/2492). Suppose -2492 = -4*d + 2*x, -4*d + 3*x - 6*x = -f. Is d a composite number?
True
Let d(c) = -c**2. Let p be d(3). Suppose 0 = -37*l + 35155 + 3880. Is (l/(-15))/(3/p) prime?
True
Let b be (2/4 - -1)/((-9)/(-12)). Let u be (-3 - b)/((-1)/14*2). Suppose 2*m = 3*m - u. Is m a prime number?
False
Suppose 0*o - 2*o - 6*o = 0. Suppose o = y - 2035 - 3112. Is y composite?
False
Let m(d) = 15*d**2 - 7*d - 13. Let r = 114 - 116. Let h(q) = -q**3 + 2*q**2 + 6*q + 3. Let w be h(r). Is m(w) composite?
False
Is -1*5*((-30729)/(-6))/((-49)/98) a prime number?
False
Let k(h) = -120590*h - 2149. Is k(-3) composite?
False
Let c be -1*461*(3 + -54)/(-3). Let s = c - -15746. Is s prime?
False
Let f = -62593 + 93146. Is f a composite number?
False
Suppose -64027 - 37577 = -12*f. Is f prime?
True
Let m = 35 + -13. Suppose m*d + 5 = 27*d. Suppose 5*r + 3*u = 260, -2*u - 136 - d = -3*r. Is r a composite number?
True
Let w = -274140 - -642899. Is w prime?
False
Let t(m) = 2*m + 1. Let w(l) = -6546*l + 17. Let z(p) = -4*t(p) + w(p). Let o be z(-2). Suppose 11*r - o = 13928. Is r prime?
True
Suppose 177206*x - 177209*x + 484455 = 0. Is x composite?
True
Let r(j) = -j**3 + 7*j**2 - 16*j + 10. Let d be r(4). Is 5353/1 - (6 + 2 + d) a composite number?
False
Suppose -4*x + 654509 = 5*u, -11*u + 10*u = x - 163626. Is x a prime number?
True
Let g(p) = 3*p**3 - 3*p**2 - 13. Let n(t) = 15*t**3 - 16*t**2 -